at is the highest common divisor of 7705 and 86250?
115
What is the highest common factor of 1 and 17867?
1
What is the highest common divisor of 9882 and 11934?
54
What is the highest common factor of 54 and 463050?
54
Calculate the highest common divisor of 209 and 77.
11
Calculate the highest common divisor of 995 and 10348.
199
What is the highest common factor of 140 and 3388?
28
Calculate the greatest common divisor of 42735 and 160395.
555
Calculate the highest common factor of 1990608 and 1695.
339
What is the greatest common factor of 19359 and 1620?
81
What is the highest common divisor of 5586 and 392?
98
Calculate the highest common divisor of 320504 and 8.
8
Calculate the highest common divisor of 3813 and 1107.
123
What is the highest common divisor of 1448 and 14296?
8
Calculate the greatest common factor of 414 and 467774.
46
What is the greatest common factor of 3820635 and 91?
91
Calculate the highest common divisor of 377 and 28093.
13
What is the greatest common divisor of 250614 and 468?
234
Calculate the highest common divisor of 26628 and 2688.
84
What is the greatest common factor of 8845022 and 206?
206
Calculate the greatest common factor of 46163 and 117.
13
What is the highest common factor of 11051 and 18247?
257
Calculate the highest common factor of 236 and 140.
4
What is the highest common divisor of 46 and 568054?
46
Calculate the greatest common factor of 30 and 16755.
15
What is the greatest common divisor of 1481095 and 770?
385
What is the highest common factor of 72980 and 5785?
445
Calculate the highest common factor of 53192 and 1647.
61
Calculate the highest common factor of 1235 and 85462.
247
What is the greatest common divisor of 2172 and 1056316?
724
Calculate the highest common factor of 1650 and 1012990.
110
Calculate the greatest common divisor of 2006 and 6608.
118
Calculate the highest common factor of 15 and 546855.
15
Calculate the greatest common factor of 512 and 52352.
128
What is the greatest common divisor of 1096676 and 8162?
742
Calculate the greatest common divisor of 600 and 22980.
60
What is the greatest common divisor of 4944 and 15?
3
What is the greatest common divisor of 112 and 382088?
56
What is the greatest common factor of 696 and 345448?
232
What is the highest common factor of 1359801 and 6?
3
What is the greatest common factor of 23032 and 72?
8
Calculate the highest common factor of 172675 and 25.
25
Calculate the greatest common divisor of 4 and 204036.
4
What is the greatest common divisor of 5 and 81495?
5
What is the highest common factor of 38957 and 815?
163
What is the greatest common divisor of 56 and 140308?
28
Calculate the greatest common factor of 264 and 167928.
24
Calculate the greatest common divisor of 7111815 and 15.
15
Calculate the greatest common divisor of 2047 and 2162.
23
Calculate the highest common divisor of 24983 and 129.
43
Calculate the greatest common factor of 36836 and 4.
4
What is the highest common divisor of 496 and 143344?
496
What is the highest common divisor of 58124 and 748?
44
What is the greatest common factor of 4 and 8062?
2
Calculate the greatest common factor of 356 and 141866.
178
What is the greatest common divisor of 18 and 775674?
18
Calculate the highest common factor of 12992 and 1015.
203
Calculate the highest common factor of 8 and 1095736.
8
Calculate the greatest common factor of 2108 and 189992.
68
What is the highest common factor of 69 and 58461?
3
Calculate the greatest common divisor of 5250 and 103875.
375
What is the highest common divisor of 297 and 3179?
11
What is the greatest common factor of 84269 and 1071?
17
What is the greatest common divisor of 106253 and 43?
43
What is the highest common divisor of 6650 and 479850?
350
Calculate the greatest common divisor of 230 and 24490.
10
What is the highest common factor of 32576 and 16?
16
What is the greatest common divisor of 2772 and 508284?
252
What is the highest common divisor of 37530 and 1350?
270
Calculate the greatest common factor of 23656715 and 305.
305
What is the greatest common divisor of 24 and 65556?
12
Calculate the greatest common factor of 685698 and 354.
354
What is the highest common factor of 6321 and 69825?
147
What is the highest common divisor of 456 and 103322?
38
Calculate the highest common factor of 3 and 13047.
3
Calculate the highest common divisor of 567 and 673029.
567
What is the highest common divisor of 33520 and 10?
10
Calculate the greatest common divisor of 825 and 181819.
11
Calculate the greatest common factor of 79684 and 308.
44
Calculate the highest common divisor of 5354 and 2.
2
What is the highest common factor of 33074 and 92?
46
Calculate the greatest common factor of 128310 and 21.
21
What is the highest common factor of 1242 and 324?
54
What is the greatest common factor of 26 and 3809?
13
Calculate the highest common divisor of 1751 and 83842.
103
What is the highest common divisor of 40 and 582240?
40
What is the greatest common factor of 644 and 74244?
92
What is the highest common factor of 35 and 260575?
35
What is the greatest common divisor of 2997815 and 515?
515
What is the highest common factor of 1566 and 1647?
27
What is the greatest common factor of 3399863 and 31?
31
What is the greatest common factor of 280801 and 19?
19
What is the highest common divisor of 4585 and 840?
35
What is the highest common divisor of 65 and 136295?
5
Calculate the highest common factor of 19515 and 2655.
15
What is the highest common divisor of 30 and 42015?
15
What is the greatest common divisor of 32 and 1003152?
16
What is the highest common factor of 5940 and 7723980?
1980
What is the highest common factor of 684864 and 87?
87
Calculate the greatest common factor of 828330 and 60.
30
What is the greatest common factor of 101 and 1179377?
101
What is the greatest common factor of 16 and 406336?
16
Calculate the greatest common divisor of 238 and 1288294.
238
What is the highest common factor of 331330 and 5?
5
What is the greatest common divisor of 249 and 790907?
83
What is the highest common factor of 1496 and 11264?
88
What is the highest common divisor of 246 and 48462?
246
What is the greatest common divisor of 34675 and 1?
1
Calculate the highest common factor of 159 and 3675.
3
What is the greatest common divisor of 56 and 37226?
14
What is the highest common divisor of 506 and 2376?
22
Calculate the greatest common factor of 55533 and 16089.
519
What is the greatest common divisor of 247755 and 4565?
415
What is the greatest common divisor of 610500 and 165?
165
What is the highest common divisor of 102 and 2402678?
34
Calculate the greatest common divisor of 10017 and 135.
27
Calculate the highest common divisor of 389809 and 466.
233
Calculate the greatest common divisor of 1920 and 38100.
60
What is the greatest common factor of 172958 and 1105?
17
Calculate the highest common divisor of 8500491 and 127.
127
Calculate the greatest common divisor of 178176 and 96.
96
What is the highest common factor of 596 and 9218332?
596
Calculate the greatest common divisor of 18625 and 19519.
149
What is the highest common divisor of 5360 and 27604?
268
What is the greatest common divisor of 112 and 17312?
16
Calculate the highest common divisor of 330 and 51390.
30
Calculate the greatest common factor of 7236 and 4.
4
What is the highest common divisor of 235122 and 20514?
1578
Calculate the greatest common divisor of 377 and 1103479.
377
Calculate the highest common divisor of 507 and 22009.
13
What is the highest common factor of 1342685 and 15?
5
What is the greatest common factor of 70 and 420490?
70
Calculate the highest common factor of 132 and 320353.
11
What is the greatest common divisor of 1192912 and 112?
112
What is the greatest common divisor of 477 and 2319?
3
Calculate the highest common divisor of 5320 and 74.
2
Calculate the greatest common divisor of 2848 and 159520.
32
Calculate the highest common divisor of 171515 and 5.
5
Calculate the greatest common factor of 62208 and 2673.
243
What is the highest common factor of 618 and 2776880?
206
Calculate the greatest common factor of 30712 and 176.
88
Calculate the highest common factor of 12047 and 7.
7
What is the highest common divisor of 1